e remainder when 686607 is divided by 45?
42
Calculate the remainder when 2908 is divided by 118.
76
Calculate the remainder when 13625 is divided by 3279.
509
Calculate the remainder when 127893 is divided by 2030.
3
What is the remainder when 23964 is divided by 8?
4
What is the remainder when 94400 is divided by 77?
75
Calculate the remainder when 3759 is divided by 129.
18
Calculate the remainder when 10579 is divided by 5256.
67
Calculate the remainder when 7590 is divided by 75.
15
What is the remainder when 15124 is divided by 47?
37
Calculate the remainder when 17892 is divided by 29.
28
Calculate the remainder when 13870 is divided by 354.
64
What is the remainder when 3190 is divided by 1103?
984
Calculate the remainder when 49508 is divided by 22.
8
What is the remainder when 1695 is divided by 1690?
5
Calculate the remainder when 14672995 is divided by 194.
193
Calculate the remainder when 23273 is divided by 130.
3
Calculate the remainder when 12279 is divided by 1334.
273
Calculate the remainder when 31313 is divided by 333.
11
What is the remainder when 12669 is divided by 3114?
213
Calculate the remainder when 2776 is divided by 1388.
0
What is the remainder when 468 is divided by 426?
42
Calculate the remainder when 2170 is divided by 106.
50
Calculate the remainder when 26411 is divided by 93.
92
What is the remainder when 499234 is divided by 5200?
34
What is the remainder when 11026 is divided by 551?
6
What is the remainder when 95921 is divided by 1091?
1004
Calculate the remainder when 43094 is divided by 215.
94
What is the remainder when 72191 is divided by 24061?
8
Calculate the remainder when 4663110 is divided by 23.
21
What is the remainder when 17572 is divided by 185?
182
Calculate the remainder when 113406 is divided by 1367.
1312
Calculate the remainder when 24552 is divided by 818.
12
What is the remainder when 19024 is divided by 4706?
200
What is the remainder when 93724 is divided by 428?
420
What is the remainder when 9298935 is divided by 841?
839
What is the remainder when 6904 is divided by 97?
17
What is the remainder when 4428 is divided by 4367?
61
Calculate the remainder when 84752 is divided by 657.
656
Calculate the remainder when 270652 is divided by 185.
182
What is the remainder when 3527 is divided by 563?
149
Calculate the remainder when 935 is divided by 474.
461
Calculate the remainder when 6576 is divided by 2677.
1222
What is the remainder when 8031 is divided by 103?
100
Calculate the remainder when 910654 is divided by 1239.
1228
Calculate the remainder when 15855 is divided by 2630.
75
What is the remainder when 9115 is divided by 4545?
25
What is the remainder when 43649 is divided by 117?
8
What is the remainder when 8271 is divided by 1848?
879
What is the remainder when 338056 is divided by 13?
4
What is the remainder when 13904 is divided by 25?
4
What is the remainder when 16006 is divided by 15971?
35
What is the remainder when 431818 is divided by 104?
10
Calculate the remainder when 758957 is divided by 8.
5
Calculate the remainder when 12217 is divided by 4064.
25
What is the remainder when 59862 is divided by 70?
12
What is the remainder when 33845 is divided by 8456?
21
What is the remainder when 3435 is divided by 6?
3
What is the remainder when 41880 is divided by 2193?
213
Calculate the remainder when 1894 is divided by 100.
94
What is the remainder when 16806 is divided by 700?
6
What is the remainder when 158799 is divided by 57?
54
What is the remainder when 19914 is divided by 6631?
21
What is the remainder when 11901 is divided by 1304?
165
Calculate the remainder when 505 is divided by 88.
65
Calculate the remainder when 31267 is divided by 1009.
997
What is the remainder when 717 is divided by 98?
31
Calculate the remainder when 816759 is divided by 375.
9
What is the remainder when 22988 is divided by 344?
284
What is the remainder when 30333 is divided by 310?
263
Calculate the remainder when 9432 is divided by 786.
0
What is the remainder when 465603 is divided by 26?
21
What is the remainder when 455 is divided by 80?
55
What is the remainder when 109128 is divided by 225?
3
Calculate the remainder when 39514 is divided by 3031.
111
Calculate the remainder when 4569238 is divided by 37.
34
Calculate the remainder when 850 is divided by 59.
24
What is the remainder when 168163 is divided by 961?
949
Calculate the remainder when 629437 is divided by 64.
61
What is the remainder when 120325 is divided by 1972?
33
What is the remainder when 4516 is divided by 4077?
439
What is the remainder when 2431223 is divided by 72?
71
What is the remainder when 425692 is divided by 3734?
16
What is the remainder when 1033 is divided by 495?
43
What is the remainder when 167722 is divided by 49?
44
What is the remainder when 86206 is divided by 28719?
49
What is the remainder when 424393 is divided by 45?
43
Calculate the remainder when 10289 is divided by 1469.
6
What is the remainder when 4777 is divided by 47?
30
Calculate the remainder when 22827 is divided by 13.
12
Calculate the remainder when 439 is divided by 293.
146
Calculate the remainder when 168250 is divided by 1153.
1065
What is the remainder when 1739 is divided by 1739?
0
Calculate the remainder when 567160 is divided by 486.
484
Calculate the remainder when 16147 is divided by 174.
139
Calculate the remainder when 2713 is divided by 108.
13
Calculate the remainder when 77432 is divided by 37.
28
Calculate the remainder when 20472 is divided by 273.
270
Calculate the remainder when 111388 is divided by 34.
4
What is the remainder when 38839 is divided by 498?
493
What is the remainder when 57432 is divided by 563?
6
Calculate the remainder when 52556 is divided by 18.
14
What is the remainder when 4453 is divided by 556?
5
Calculate the remainder when 1372644 is divided by 946.
944
What is the remainder when 27131 is divided by 476?
475
What is the remainder when 2535 is divided by 517?
467
What is the remainder when 656223 is divided by 19?
1
What is the remainder when 9526 is divided by 318?
304
What is the remainder when 296477 is divided by 117?
116
Calculate the remainder when 2022 is divided by 248.
38
Calculate the remainder when 4651 is divided by 1545.
16
Calculate the remainder when 3427 is divided by 1619.
189
What is the remainder when 1587 is divided by 456?
219
What is the remainder when 2692 is divided by 35?
32
What is the remainder when 24938 is divided by 1397?
1189
What is the remainder when 2043121 is divided by 292?
289
What is the remainder when 44936 is divided by 1953?
17
What is the remainder when 1548 is divided by 8?
4
What is the remainder when 18280 is divided by 47?
44
Calculate the remainder when 24503 is divided by 156.
11
Calculate the remainder when 2907941 is divided by 1453969.
3
Calculate the remainder when 4933 is divided by 4697.
236
What is the remainder when 11885 is divided by 238?
223
What is the remainder when 297768 is divided by 493?
489
Calculate the remainder when 1657 is divided by 1318.
339
What is the remainder when 8622 is divided by 45?
27
Calculate the remainder when 3232 is divided by 450.
82
What is the remainder when 18894 is divided by 175?
169
What is the remainder when 2861 is divided by 2815?
46
What is the remainder when 198490 is divided by 34?
32
Calculate the remainder when 910618 is divided by 180.
178
What is the remainder when 2557 is divided by 2?
1
Calculate the remainder when 51732 is divided by 336.
324
What is the remainder when 72283 is divided by 28?
15
What is the remainder when 1944 is divided by 336?
264
Calculate the remainder when 14939 is divided by 922.
187
What is the remainder when 38879 is divided by 20?
19
What is the remainder when 6548916 is divided by 337?
332
Calculate the remainder when 185972 is divided by 907.
37
Calculate the remainder when 7230 is divided by 1247.
995
What is the remainder when 1248779 is divided by 16?
11
What is the remainder when 52160 is divided by 8685?
50
What is the remainder when 28158 is divided by 90?
78
What is the remainder when 4483 is divided by 115?
113
What is the remainder when 7429 is divided by 1318?
839
What is the remainder when 1963 is divided by 251?
206
What is the remai